{"id":465,"date":"2021-09-16T14:08:10","date_gmt":"2021-09-16T14:08:10","guid":{"rendered":"https:\/\/restaurante.grupodoscar.com\/doscar\/?page_id=465"},"modified":"2021-12-21T13:35:59","modified_gmt":"2021-12-21T13:35:59","slug":"aviso-legal","status":"publish","type":"page","link":"https:\/\/restaurante.grupodoscar.com\/tierranuestra\/aviso-legal\/","title":{"rendered":"Aviso Legal"},"content":{"rendered":"<p><strong>DATOS IDENTIFICATIVOS DEL TITULAR DEL SITIO WEB<\/strong><\/p>\n<p>En cumplimiento del deber de informaci\u00f3n estipulado en el art\u00edculo 10 de la Ley 34\/2002 de 11 de julio de Servicios de la Sociedad de la Informaci\u00f3n y de Comercio Electr\u00f3nico, \u00a0<strong>Tierra Nuestra<\/strong>, en calidad de titular del sitio web <strong><em>restaurante.grupodoscar.com\/tierranuestra<\/em><\/strong>, con domicilio en Gaspar Mendez, 21, c\u00f3digo postal 06011 a Badajoz, procede a comunicarles la presente informaci\u00f3n que conforma y regula las condiciones de uso en esta p\u00e1gina, las limitaciones de responsabilidad y las obligaciones que, los usuarios del sitio web que se publica bajo el nombre de dominio <strong><em>restaurante.grupodoscar.com\/tierranuestra<\/em><\/strong>, asumen y se comprometen a respetar.<\/p>\n<p><strong>CONDICIONES DE USO<\/strong><\/p>\n<p>La utilizaci\u00f3n de <strong><em>restaurante.grupodoscar.com\/tierranuestra<\/em><\/strong>\u00a0otorga la condici\u00f3n de\u00a0<strong>Usuario<\/strong> de <strong><em>restaurante.grupodoscar.com\/tierranuestra<\/em><\/strong>, bien sea persona f\u00edsica o jur\u00eddica y obligatoriamente implica la aceptaci\u00f3n completa, plena y sin reservas de todas y cada una de las cl\u00e1usulas y condiciones generales incluidas en el Aviso Legal. Si el\u00a0<strong>Usuario<\/strong> no estuviera conforme con las cl\u00e1usulas y condiciones de uso de este Aviso Legal, se abstendr\u00e1 de utilizar <strong><em>restaurante.grupodoscar.com\/tierranuestra<\/em><\/strong>. Este Aviso Legal est\u00e1 sujeto a cambios y actualizaciones por lo que la versi\u00f3n publicada por <strong>Tierra Nuestra<\/strong>\u00a0puede ser diferente en cada momento en que el\u00a0<strong>Usuario<\/strong>\u00a0acceda al Portal. Por tanto, el\u00a0<strong>Usuario<\/strong> debe leer el Aviso Legal en todas y cada una de las ocasiones en que acceda a <strong><em>restaurante.grupodoscar.com\/tierranuestra<\/em><\/strong>.<\/p>\n<p>A trav\u00e9s de <strong><em>restaurante.grupodoscar.com\/tierranuestra<\/em><\/strong>, <strong>Tierra Nuestra\u00a0<\/strong>facilita al\u00a0<strong>Usuario<\/strong> el acceso y la utilizaci\u00f3n de diversos Contenidos publicados por medio de Internet por <strong>Tierra Nuestra<\/strong>\u00a0o por terceros autorizados.<\/p>\n<p>El\u00a0<strong>Usuario<\/strong> est\u00e1 obligado y se compromete a utilizar <strong><em>restaurante.grupodoscar.com\/tierranuestra<\/em><\/strong> y los Contenidos de conformidad con la legislaci\u00f3n vigente, el Aviso Legal, y cualquier otro aviso o instrucciones puestos en su conocimiento, bien sea por medio de este aviso legal o en cualquier otro lugar dentro de los Contenidos que conforman <strong><em>restaurante.grupodoscar.com\/tierranuestra<\/em><\/strong>, como son las normas de convivencia, la moral y buenas costumbres generalmente aceptadas. A tal efecto, el\u00a0<strong>Usuario<\/strong> se obliga y compromete a NO utilizar cualquiera de los Contenidos con fines o efectos il\u00edcitos, prohibidos en el Aviso Legal o por la legislaci\u00f3n vigente, lesivos de los derechos e intereses de terceros, o que de cualquier forma puedan da\u00f1ar, inutilizar, sobrecargar, deteriorar o impedir la normal utilizaci\u00f3n de los Contenidos, los equipos inform\u00e1ticos o los documentos, archivos y toda clase de contenidos almacenados en cualquier equipo inform\u00e1tico propios o contratados por <strong>Tierra Nuestra<\/strong>, de otro\u00a0<strong>USUARIO<\/strong>\u00a0o de cualquier usuario de Internet (hardware y software).<\/p>\n<p>El\u00a0<strong>Usuario<\/strong> se obliga y se compromete a no transmitir, difundir o poner a disposici\u00f3n de terceros cualquier clase de material contenido en <strong><em>restaurante.grupodoscar.com\/tierranuestra<\/em><\/strong>, tales como informaciones, textos, datos, contenidos, mensajes, gr\u00e1ficos, dibujos, archivos de sonido y\/o imagen, fotograf\u00edas, grabaciones, software, logotipos, marcas, iconos, tecnolog\u00eda, fotograf\u00edas, software, enlaces, dise\u00f1o gr\u00e1fico y c\u00f3digos fuente, o cualquier otro material al que tuviera acceso en su condici\u00f3n de\u00a0<strong>Usuario<\/strong> de <strong><em>restaurante.grupodoscar.com\/tierranuestra<\/em><\/strong>, sin que esta enumeraci\u00f3n tenga car\u00e1cter limitativo. Asimismo, de conformidad con todo ello, el\u00a0<strong>Usuario<\/strong>\u00a0no podr\u00e1:<\/p>\n<ul>\n<li>Reproducir, copiar, distribuir, poner a disposici\u00f3n o de cualquier otra forma comunicar p\u00fablicamente, transformar o modificar los Contenidos, a menos que se cuente con la autorizaci\u00f3n escrita y expl\u00edcita de <strong>Tierra Nuestra<\/strong>, que es titular de los correspondientes derechos, o bien que ello resulte legalmente permitido.<\/li>\n<li>Suprimir, manipular o de cualquier forma alterar el \u201ccopyright\u201d y dem\u00e1s datos identificativos de la reserva de derechos de <strong>Tierra Nuestra<\/strong>\u00a0o de sus titulares, de las huellas y\/o identificadores digitales, marcas de agua, o de cualesquiera otros medios t\u00e9cnicos establecidos para su reconocimiento.<\/li>\n<\/ul>\n<p>El\u00a0<strong>Usuario<\/strong> deber\u00e1 abstenerse de obtener e incluso de intentar obtener los Contenidos empleando para ello medios o procedimientos distintos de los que, seg\u00fan los casos, se hayan puesto a su disposici\u00f3n a este efecto o se hayan indicado a este efecto en las p\u00e1ginas web donde se encuentren los Contenidos o, en general, de los que se empleen habitualmente en Internet a este efecto siempre que no entra\u00f1en un riesgo de da\u00f1o o inutilizaci\u00f3n de <strong><em>restaurante.grupodoscar.com\/tierranuestra<\/em><\/strong>, y\/o de los Contenidos.<\/p>\n<p><strong>PROPIEDAD INTELECTUAL<\/strong><\/p>\n<p>Todas las marcas, nombres comerciales o signos distintivos de cualquier clase que aparecen en <strong><em>restaurante.grupodoscar.com\/tierranuestra<\/em><\/strong> son propiedad de <strong>Tierra Nuestra<\/strong>\u00a0o, en su caso, de sus respectivos propietarios, sin que pueda entenderse que el uso o acceso al Portal y\/o a los Contenidos atribuya al\u00a0<strong>Usuario<\/strong>\u00a0derecho alguno sobre las citadas marcas, nombres comerciales y\/o signos distintivos y sin que puedan entenderse cedidos al\u00a0<strong>Usuario<\/strong>, ninguno de los derechos de explotaci\u00f3n que existen o puedan existir sobre dichos Contenidos. De igual modo los Contenidos son propiedad intelectual de <strong>Tierra Nuestra<\/strong>, o de terceros en su caso, por tanto, los derechos de Propiedad Intelectual son titularidad de <strong>Tierra Nuestra<\/strong>\u00a0o de terceros que han autorizado su uso, a quienes corresponde el ejercicio exclusivo de los derechos de explotaci\u00f3n de los mismos en cualquier forma y, en especial, los derechos de reproducci\u00f3n, distribuci\u00f3n, comunicaci\u00f3n p\u00fablica y transformaci\u00f3n. La utilizaci\u00f3n no autorizada de la informaci\u00f3n contenida en esta Web, as\u00ed como la lesi\u00f3n de los derechos de Propiedad Intelectual o Industrial de <strong>Tierra Nuestra<\/strong> o de terceros incluidos en <strong><em>restaurante.grupodoscar.com\/tierranuestra<\/em><\/strong>\u00a0que hayan cedido contenidos dar\u00e1 lugar a las responsabilidades legalmente establecidas.<\/p>\n<p><strong>DISPONIBILIDAD DE <em>restaurante.grupodoscar.com\/tierranuestra<\/em><\/strong><\/p>\n<p><strong>Tierra Nuestra<\/strong> no garantiza la inexistencia de interrupciones o errores en el acceso a <strong><em>restaurante.grupodoscar.com\/tierranuestra<\/em><\/strong>, a sus contenidos, ni que \u00e9ste se encuentren actualizados, aunque desarrollar\u00e1 sus mejores esfuerzos para, en su caso, evitarlos, subsanarlos o actualizarlos. Por consiguiente, <strong>Tierra Nuestra<\/strong>\u00a0no se responsabiliza de los da\u00f1os o perjuicios de cualquier tipo producidos en el\u00a0<strong>Usuario<\/strong>\u00a0que traigan causa de fallos o desconexiones en las redes de telecomunicaciones que produzcan la suspensi\u00f3n, cancelaci\u00f3n o interrupci\u00f3n del servicio del portal durante la prestaci\u00f3n del mismo o con car\u00e1cter previo.<\/p>\n<p><strong>Tierra Nuestra<\/strong> excluye, con las excepciones contempladas en la legislaci\u00f3n vigente, cualquier responsabilidad por los da\u00f1os y perjuicios de toda naturaleza que puedan deberse a la falta de disponibilidad, continuidad o calidad del funcionamiento de <strong><em>restaurante.grupodoscar.com\/tierranuestra<\/em><\/strong>\u00a0y de los Contenidos, al no cumplimiento de la expectativa de utilidad que el\u00a0<strong>USUARIO<\/strong> hubiera podido atribuir a <strong><em>restaurante.grupodoscar.com\/tierranuestra<\/em><\/strong>\u00a0y a los Contenidos.<\/p>\n<p>La funci\u00f3n de los Hiperenlaces que aparecen en esta Web es exclusivamente la de informar al\u00a0<strong>Usuario<\/strong>\u00a0acerca de la existencia de otras Web que contienen informaci\u00f3n sobre la materia. Dichos Hiperenlaces no constituyen sugerencia ni recomendaci\u00f3n alguna.<\/p>\n<p><strong>Tierra Nuestra<\/strong> no se hace responsable de los contenidos de dichas p\u00e1ginas enlazadas, del funcionamiento o utilidad de los Hiperenlaces ni del resultado de dichos enlaces, ni garantiza la ausencia de virus u otros elementos en los mismos que puedan producir alteraciones en el sistema inform\u00e1tico (hardware y software), los documentos o los ficheros del <strong>Usuario<\/strong>, excluyendo cualquier responsabilidad por los da\u00f1os de cualquier clase causados al\u00a0<strong>Usuario<\/strong>\u00a0por este motivo.<\/p>\n<p>El acceso a <strong><em>restaurante.grupodoscar.com\/tierranuestra<\/em><\/strong> no implica la obligaci\u00f3n por parte de <strong>Tierra Nuestra<\/strong>\u00a0de controlar la ausencia de virus, gusanos o cualquier otro elemento inform\u00e1tico da\u00f1ino. Corresponde al\u00a0<strong>Usuario<\/strong>, en todo caso, la disponibilidad de herramientas adecuadas para la detecci\u00f3n y desinfecci\u00f3n de programas inform\u00e1ticos da\u00f1inos, por lo tanto, <strong>Tierra Nuestra<\/strong>\u00a0no se hace responsable de los posibles errores de seguridad que se puedan producir durante la prestaci\u00f3n del servicio de <strong><em>restaurante.grupodoscar.com\/tierranuestra<\/em><\/strong>, ni de los posibles da\u00f1os que puedan causarse al sistema inform\u00e1tico del\u00a0<strong>Usuario<\/strong>\u00a0o de terceros (hardware y software), los ficheros o documentos almacenados en el mismo, como consecuencia de la presencia de virus en el ordenador del\u00a0<strong>Usuario<\/strong>\u00a0utilizado para la conexi\u00f3n a los servicios y contenidos de la Web, de un mal funcionamiento del navegador o del uso de versiones no actualizadas del mismo.<\/p>\n<p>La prestaci\u00f3n del servicio de <strong><em>restaurante.grupodoscar.com\/tierranuestra<\/em><\/strong> y de los Contenidos tiene, en principio, duraci\u00f3n indefinida. <strong>Tierra Nuestra<\/strong>, no obstante, queda autorizado para dar por terminada o suspender la prestaci\u00f3n del servicio de <strong><em>restaurante.grupodoscar.com\/tierranuestra<\/em><\/strong> y\/o de cualquiera de los Contenidos en cualquier momento. Cuando ello sea razonablemente posible, <strong>Tierra Nuestra<\/strong>\u00a0advertir\u00e1 previamente la terminaci\u00f3n o suspensi\u00f3n de <strong><em>restaurante.grupodoscar.com\/tierranuestra<\/em><\/strong>.<\/p>\n<p><strong>CALIDAD DE <em>restaurante.grupodoscar.com\/tierranuestra<\/em><\/strong><\/p>\n<p>Dado el entorno din\u00e1mico y cambiante de la informaci\u00f3n y servicios que se suministran por medio de <strong><em>restaurante.grupodoscar.com\/tierranuestra<\/em><\/strong>, <strong>Tierra Nuestra<\/strong>\u00a0realiza su mejor esfuerzo, pero no garantiza la completa veracidad, exactitud, fiabilidad, utilidad y\/o actualidad de los Contenidos. La informaci\u00f3n contenida en las p\u00e1ginas que componen este Portal s\u00f3lo tiene car\u00e1cter informativo, consultivo, divulgativo y publicitario. En ning\u00fan caso ofrecen ni tienen car\u00e1cter de compromiso vinculante o contractual.<\/p>\n<p><strong>LIMITACI\u00d3N DE RESPONSABILIDAD<\/strong><\/p>\n<p><strong>Tierra Nuestra<\/strong> excluye toda responsabilidad por las decisiones que el <strong>Usuario<\/strong> pueda tomar basado en esta informaci\u00f3n, as\u00ed como por los posibles errores tipogr\u00e1ficos que puedan contener los documentos y gr\u00e1ficos de <strong><em>restaurante.grupodoscar.com\/tierranuestra<\/em><\/strong>. La informaci\u00f3n est\u00e1 sometida a posibles cambios peri\u00f3dicos sin previo aviso de su contenido por ampliaci\u00f3n, mejora, correcci\u00f3n o actualizaci\u00f3n de los Contenidos.<\/p>\n<p><strong>NOTIFICACIONES<\/strong><\/p>\n<p>Todas las notificaciones y comunicaciones por parte de <strong>Tierra Nuestra<\/strong>\u00a0al\u00a0<strong>Usuario<\/strong>\u00a0realizados por cualquier medio se considerar\u00e1n eficaces a todos los efectos.<\/p>\n<p><strong>JURISDICCI\u00d3N<\/strong><\/p>\n<p>Para cuantas cuestiones se susciten sobre la interpretaci\u00f3n, aplicaci\u00f3n y cumplimiento de este Aviso Legal, as\u00ed como de las reclamaciones que puedan derivarse de su uso, todos las partes intervinientes se someten a los Jueces y Tribunales de la provincia de Badajoz, renunciando de forma expresa a cualquier otro fuero que pudiera corresponderles.<\/p>\n<p><strong>LEGISLACI\u00d3N APLICABLE<\/strong><\/p>\n<p>El presente Aviso Legal se rige por la normativa espa\u00f1ola vigente.<\/p>\n<p>&nbsp;<\/p>\n","protected":false},"excerpt":{"rendered":"<p>DATOS IDENTIFICATIVOS DEL TITULAR DEL SITIO WEB En cumplimiento del deber de informaci\u00f3n estipulado en el art\u00edculo 10 de la Ley 34\/2002 de 11 de julio de Servicios de la Sociedad de la Informaci\u00f3n y de Comercio Electr\u00f3nico, \u00a0Tierra Nuestra,&#8230; <\/p>\n<div class=\"readmore-section\"><a href=\"https:\/\/restaurante.grupodoscar.com\/tierranuestra\/aviso-legal\/\"><input type=\"submit\" name=\"submit\" value=\"Seguir leyendo&#8230;\" class=\"readmore-btn\" ><\/a><\/div>\n","protected":false},"author":1,"featured_media":0,"parent":0,"menu_order":0,"comment_status":"closed","ping_status":"closed","template":"","meta":{"footnotes":""},"class_list":["post-465","page","type-page","status-publish","hentry"],"yoast_head":"<!-- This site is optimized with the Yoast SEO plugin v21.7 - https:\/\/yoast.com\/wordpress\/plugins\/seo\/ -->\n<title>Aviso Legal - Tierra Nuestra<\/title>\n<meta name=\"robots\" content=\"index, follow, max-snippet:-1, max-image-preview:large, max-video-preview:-1\" \/>\n<link rel=\"canonical\" href=\"https:\/\/restaurante.grupodoscar.com\/tierranuestra\/aviso-legal\/\" \/>\n<meta property=\"og:locale\" content=\"es_ES\" \/>\n<meta property=\"og:type\" content=\"article\" \/>\n<meta property=\"og:title\" content=\"Aviso Legal - Tierra Nuestra\" \/>\n<meta property=\"og:description\" content=\"DATOS IDENTIFICATIVOS DEL TITULAR DEL SITIO WEB En cumplimiento del deber de informaci\u00f3n estipulado en el art\u00edculo 10 de la Ley 34\/2002 de 11 de julio de Servicios de la Sociedad de la Informaci\u00f3n y de Comercio Electr\u00f3nico, \u00a0Tierra Nuestra,...\" \/>\n<meta property=\"og:url\" content=\"https:\/\/restaurante.grupodoscar.com\/tierranuestra\/aviso-legal\/\" \/>\n<meta property=\"og:site_name\" content=\"Tierra Nuestra\" \/>\n<meta property=\"article:modified_time\" content=\"2021-12-21T13:35:59+00:00\" \/>\n<meta name=\"twitter:card\" content=\"summary_large_image\" \/>\n<meta name=\"twitter:label1\" content=\"Tiempo de lectura\" \/>\n\t<meta name=\"twitter:data1\" content=\"7 minutos\" \/>\n<script type=\"application\/ld+json\" class=\"yoast-schema-graph\">{\"@context\":\"https:\/\/schema.org\",\"@graph\":[{\"@type\":\"WebPage\",\"@id\":\"https:\/\/restaurante.grupodoscar.com\/tierranuestra\/aviso-legal\/\",\"url\":\"https:\/\/restaurante.grupodoscar.com\/tierranuestra\/aviso-legal\/\",\"name\":\"Aviso Legal - Tierra Nuestra\",\"isPartOf\":{\"@id\":\"https:\/\/restaurante.grupodoscar.com\/tierranuestra\/#website\"},\"datePublished\":\"2021-09-16T14:08:10+00:00\",\"dateModified\":\"2021-12-21T13:35:59+00:00\",\"breadcrumb\":{\"@id\":\"https:\/\/restaurante.grupodoscar.com\/tierranuestra\/aviso-legal\/#breadcrumb\"},\"inLanguage\":\"es\",\"potentialAction\":[{\"@type\":\"ReadAction\",\"target\":[\"https:\/\/restaurante.grupodoscar.com\/tierranuestra\/aviso-legal\/\"]}]},{\"@type\":\"BreadcrumbList\",\"@id\":\"https:\/\/restaurante.grupodoscar.com\/tierranuestra\/aviso-legal\/#breadcrumb\",\"itemListElement\":[{\"@type\":\"ListItem\",\"position\":1,\"name\":\"Portada\",\"item\":\"https:\/\/restaurante.grupodoscar.com\/tierranuestra\/\"},{\"@type\":\"ListItem\",\"position\":2,\"name\":\"Aviso Legal\"}]},{\"@type\":\"WebSite\",\"@id\":\"https:\/\/restaurante.grupodoscar.com\/tierranuestra\/#website\",\"url\":\"https:\/\/restaurante.grupodoscar.com\/tierranuestra\/\",\"name\":\"Tierra Nuestra\",\"description\":\"\",\"potentialAction\":[{\"@type\":\"SearchAction\",\"target\":{\"@type\":\"EntryPoint\",\"urlTemplate\":\"https:\/\/restaurante.grupodoscar.com\/tierranuestra\/?s={search_term_string}\"},\"query-input\":\"required name=search_term_string\"}],\"inLanguage\":\"es\"}]}<\/script>\n<!-- \/ Yoast SEO plugin. -->","yoast_head_json":{"title":"Aviso Legal - Tierra Nuestra","robots":{"index":"index","follow":"follow","max-snippet":"max-snippet:-1","max-image-preview":"max-image-preview:large","max-video-preview":"max-video-preview:-1"},"canonical":"https:\/\/restaurante.grupodoscar.com\/tierranuestra\/aviso-legal\/","og_locale":"es_ES","og_type":"article","og_title":"Aviso Legal - Tierra Nuestra","og_description":"DATOS IDENTIFICATIVOS DEL TITULAR DEL SITIO WEB En cumplimiento del deber de informaci\u00f3n estipulado en el art\u00edculo 10 de la Ley 34\/2002 de 11 de julio de Servicios de la Sociedad de la Informaci\u00f3n y de Comercio Electr\u00f3nico, \u00a0Tierra Nuestra,...","og_url":"https:\/\/restaurante.grupodoscar.com\/tierranuestra\/aviso-legal\/","og_site_name":"Tierra Nuestra","article_modified_time":"2021-12-21T13:35:59+00:00","twitter_card":"summary_large_image","twitter_misc":{"Tiempo de lectura":"7 minutos"},"schema":{"@context":"https:\/\/schema.org","@graph":[{"@type":"WebPage","@id":"https:\/\/restaurante.grupodoscar.com\/tierranuestra\/aviso-legal\/","url":"https:\/\/restaurante.grupodoscar.com\/tierranuestra\/aviso-legal\/","name":"Aviso Legal - Tierra Nuestra","isPartOf":{"@id":"https:\/\/restaurante.grupodoscar.com\/tierranuestra\/#website"},"datePublished":"2021-09-16T14:08:10+00:00","dateModified":"2021-12-21T13:35:59+00:00","breadcrumb":{"@id":"https:\/\/restaurante.grupodoscar.com\/tierranuestra\/aviso-legal\/#breadcrumb"},"inLanguage":"es","potentialAction":[{"@type":"ReadAction","target":["https:\/\/restaurante.grupodoscar.com\/tierranuestra\/aviso-legal\/"]}]},{"@type":"BreadcrumbList","@id":"https:\/\/restaurante.grupodoscar.com\/tierranuestra\/aviso-legal\/#breadcrumb","itemListElement":[{"@type":"ListItem","position":1,"name":"Portada","item":"https:\/\/restaurante.grupodoscar.com\/tierranuestra\/"},{"@type":"ListItem","position":2,"name":"Aviso Legal"}]},{"@type":"WebSite","@id":"https:\/\/restaurante.grupodoscar.com\/tierranuestra\/#website","url":"https:\/\/restaurante.grupodoscar.com\/tierranuestra\/","name":"Tierra Nuestra","description":"","potentialAction":[{"@type":"SearchAction","target":{"@type":"EntryPoint","urlTemplate":"https:\/\/restaurante.grupodoscar.com\/tierranuestra\/?s={search_term_string}"},"query-input":"required name=search_term_string"}],"inLanguage":"es"}]}},"_links":{"self":[{"href":"https:\/\/restaurante.grupodoscar.com\/tierranuestra\/wp-json\/wp\/v2\/pages\/465","targetHints":{"allow":["GET"]}}],"collection":[{"href":"https:\/\/restaurante.grupodoscar.com\/tierranuestra\/wp-json\/wp\/v2\/pages"}],"about":[{"href":"https:\/\/restaurante.grupodoscar.com\/tierranuestra\/wp-json\/wp\/v2\/types\/page"}],"author":[{"embeddable":true,"href":"https:\/\/restaurante.grupodoscar.com\/tierranuestra\/wp-json\/wp\/v2\/users\/1"}],"replies":[{"embeddable":true,"href":"https:\/\/restaurante.grupodoscar.com\/tierranuestra\/wp-json\/wp\/v2\/comments?post=465"}],"version-history":[{"count":2,"href":"https:\/\/restaurante.grupodoscar.com\/tierranuestra\/wp-json\/wp\/v2\/pages\/465\/revisions"}],"predecessor-version":[{"id":1273,"href":"https:\/\/restaurante.grupodoscar.com\/tierranuestra\/wp-json\/wp\/v2\/pages\/465\/revisions\/1273"}],"wp:attachment":[{"href":"https:\/\/restaurante.grupodoscar.com\/tierranuestra\/wp-json\/wp\/v2\/media?parent=465"}],"curies":[{"name":"wp","href":"https:\/\/api.w.org\/{rel}","templated":true}]}}